{"id":68,"date":"2017-07-05T18:02:47","date_gmt":"2017-07-05T21:02:47","guid":{"rendered":"http:\/\/sigmacontabil.com.br\/site\/?page_id=68"},"modified":"2022-12-02T16:15:07","modified_gmt":"2022-12-02T19:15:07","slug":"historia","status":"publish","type":"page","link":"https:\/\/sigmacontabil.com.br\/site\/historia\/","title":{"rendered":"Hist\u00f3ria"},"content":{"rendered":"[vc_row][vc_column][vc_empty_space height=&#8221;50px&#8221;][vc_custom_heading text=&#8221;HIST\u00d3RIA&#8221; font_container=&#8221;tag:h1|font_size:24px|text_align:center&#8221; use_theme_fonts=&#8221;yes&#8221;][vc_empty_space height=&#8221;50px&#8221;][\/vc_column][\/vc_row][vc_row][vc_column width=&#8221;1\/2&#8243;][vc_column_text css=&#8221;.vc_custom_1505064770236{border-top-width: 1px !important;border-right-width: 1px !important;border-bottom-width: 1px !important;border-left-width: 1px !important;padding-top: 30px !important;padding-right: 30px !important;padding-bottom: 30px !important;padding-left: 30px !important;border-left-color: #cccccc !important;border-left-style: solid !important;border-right-color: #cccccc !important;border-right-style: solid !important;border-top-color: #cccccc !important;border-top-style: solid !important;border-bottom-color: #cccccc !important;border-bottom-style: solid !important;border-radius: 10px !important;}&#8221;]\n<h1>SOBRE<\/h1>\n<p style=\"text-align: justify;\">A Sigma, desde 1994, assessora a administra\u00e7\u00e3o de empresas dos setores do com\u00e9rcio, ind\u00fastria e presta\u00e7\u00e3o de servi\u00e7os. Seu in\u00edcio foi cuidadosamente planejado para atuar com a atividade voltada para a \u00e1rea cont\u00e1bil.<\/p>\n<p style=\"text-align: justify;\">Seu mentor e fundador, Pio Espedito de Castro, nesta \u00e9poca, j\u00e1 trazia consigo o conhecimento da mat\u00e9ria, adquirida por v\u00e1rios anos de trabalho, e pretendia transmiti-la aos seus filhos e sucessores, que hoje colaboram para o desenvolvimento da empresa.<\/p>\n<p style=\"text-align: justify;\">Cada qual, juntamente com os colaboradores, trabalha para o bom atendimento de seus clientes.<\/p>\n<p style=\"text-align: justify;\">A lealdade, respeito e dedica\u00e7\u00e3o, s\u00e3o passados de pais para filhos, e destes, aos netos, que j\u00e1 fazem parte da fam\u00edlia Sigma.<\/p>\n[\/vc_column_text][\/vc_column][vc_column width=&#8221;1\/2&#8243;][vc_column_text css=&#8221;.vc_custom_1504710392898{border-top-width: 1px !important;border-right-width: 1px !important;border-bottom-width: 1px !important;border-left-width: 1px !important;padding-top: 30px !important;padding-right: 30px !important;padding-bottom: 30px !important;padding-left: 30px !important;border-left-color: #cccccc !important;border-left-style: solid !important;border-right-color: #cccccc !important;border-right-style: solid !important;border-top-color: #cccccc !important;border-top-style: solid !important;border-bottom-color: #cccccc !important;border-bottom-style: solid !important;border-radius: 10px !important;}&#8221;]\n<h1>MISS\u00c3O<\/h1>\n<p style=\"text-align: justify;\">A satisfa\u00e7\u00e3o dos nossos clientes \u00e9 nossa preocupa\u00e7\u00e3o.<\/p>\n<p style=\"text-align: justify;\">Por isso, servi-los com dedica\u00e7\u00e3o e presteza \u00e9 nossa busca permanente, garantindo a qualidade de nosso servi\u00e7o.<\/p>\n[\/vc_column_text][vc_empty_space height=&#8221;6px&#8221;][vc_column_text css=&#8221;.vc_custom_1504710403947{border-top-width: 1px !important;border-right-width: 1px !important;border-bottom-width: 1px !important;border-left-width: 1px !important;padding-top: 30px !important;padding-right: 30px !important;padding-bottom: 30px !important;padding-left: 30px !important;border-left-color: #cccccc !important;border-left-style: solid !important;border-right-color: #cccccc !important;border-right-style: solid !important;border-top-color: #cccccc !important;border-top-style: solid !important;border-bottom-color: #cccccc !important;border-bottom-style: solid !important;border-radius: 10px !important;}&#8221;]\n<h1>VIS\u00c3O<\/h1>\n<p style=\"text-align: justify;\">Buscar a efici\u00eancia e a efic\u00e1cia na presta\u00e7\u00e3o de servi\u00e7os cont\u00e1beis, para assim, sermos reconhecidos como uma empresa com comprometimento, qualidade e idoneidade em tudo aquilo que oferecermos.<\/p>\n[\/vc_column_text][vc_empty_space height=&#8221;8px&#8221;][\/vc_column][\/vc_row][vc_row][vc_column][vc_column_text]\n[\/vc_column_text][\/vc_column][\/vc_row]\n","protected":false},"excerpt":{"rendered":"<p>[vc_row][vc_column][vc_empty_space height=&#8221;50px&#8221;][vc_custom_heading text=&#8221;HIST\u00d3RIA&#8221; font_container=&#8221;tag:h1|font_size:24px|text_align:center&#8221; use_theme_fonts=&#8221;yes&#8221;][vc_empty_space height=&#8221;50px&#8221;][\/vc_column][\/vc_row][vc_row][vc_column width=&#8221;1\/2&#8243;][vc_column_text css=&#8221;.vc_custom_1505064770236{border-top-width: 1px !important;border-right-width: 1px !important;border-bottom-width: 1px !important;border-left-width: 1px !important;padding-top: 30px !important;padding-right: 30px !important;padding-bottom: 30px !important;padding-left: 30px !important;border-left-color: #cccccc !important;border-left-style: solid !important;border-right-color: #cccccc !important;border-right-style: solid !important;border-top-color: #cccccc !important;border-top-style: solid !important;border-bottom-color: #cccccc !important;border-bottom-style: solid !important;border-radius: 10px !important;}&#8221;] SOBRE A Sigma,&#8230;<\/p>\n","protected":false},"author":1,"featured_media":0,"parent":0,"menu_order":0,"comment_status":"closed","ping_status":"closed","template":"","meta":{"footnotes":""},"class_list":["post-68","page","type-page","status-publish","hentry"],"_links":{"self":[{"href":"https:\/\/sigmacontabil.com.br\/site\/wp-json\/wp\/v2\/pages\/68","targetHints":{"allow":["GET"]}}],"collection":[{"href":"https:\/\/sigmacontabil.com.br\/site\/wp-json\/wp\/v2\/pages"}],"about":[{"href":"https:\/\/sigmacontabil.com.br\/site\/wp-json\/wp\/v2\/types\/page"}],"author":[{"embeddable":true,"href":"https:\/\/sigmacontabil.com.br\/site\/wp-json\/wp\/v2\/users\/1"}],"replies":[{"embeddable":true,"href":"https:\/\/sigmacontabil.com.br\/site\/wp-json\/wp\/v2\/comments?post=68"}],"version-history":[{"count":3,"href":"https:\/\/sigmacontabil.com.br\/site\/wp-json\/wp\/v2\/pages\/68\/revisions"}],"predecessor-version":[{"id":470,"href":"https:\/\/sigmacontabil.com.br\/site\/wp-json\/wp\/v2\/pages\/68\/revisions\/470"}],"wp:attachment":[{"href":"https:\/\/sigmacontabil.com.br\/site\/wp-json\/wp\/v2\/media?parent=68"}],"curies":[{"name":"wp","href":"https:\/\/api.w.org\/{rel}","templated":true}]}}